-282. Calculate the highest common factor of p and f.
11
Let u = 27427 + -26879. What is the highest common divisor of 44 and u?
4
Suppose 0 = 2*h + 22*h - 2561 - 11047. Calculate the highest common divisor of 315 and h.
63
Suppose -4*q = p - 11692, 0 = -195*p + 190*p + q + 58502. Calculate the highest common divisor of 117 and p.
117
Let x = 374 + -365. Suppose -x*o + 50 - 23 = 0. What is the highest common factor of 12 and o?
3
Let w = -167 - -310. Let i = 175 - w. What is the highest common factor of 4 and i?
4
Let n(b) = 4*b**2 + 56*b + 38. Let g be n(-31). What is the highest common divisor of g and 116?
58
Suppose -3*x + 80 = 2*t - 151, -60 = -x + 5*t. What is the highest common divisor of x and 795?
15
Let h = 13 - 13. Let b be 56 - (h - 2/1). Let n(x) = x**2 - 24*x + 109. Let f be n(20). Calculate the highest common divisor of f and b.
29
Suppose 98*n - 255 = 13*n. What is the greatest common divisor of 771 and n?
3
Let f = -259 - -8449. Calculate the highest common divisor of 63 and f.
63
Let j = 462 - 424. Let q = -31 + j. Let t(u) = u**2 + 119. Let o be t(0). What is the greatest common divisor of q and o?
7
Let q(r) = r + 3. Let i be q(7). Let k(n) = n**3 - 7*n**2 - 11*n - 16. Let j be k(i). What is the highest common factor of j and 6?
6
Suppose -3 = -6*d + 9. Suppose d*v = -3*v + 195. Suppose -n + 7 + 6 = 0. What is the highest common factor of v and n?
13
Let t = -5211 + 6003. What is the highest common divisor of t and 1089?
99
Let c = 10702 - 10694. Calculate the greatest common divisor of c and 7064.
8
Let p = -7 - 30. Let x = p - -39. Suppose -4*z + 52 = x*v, -3*z + 0*z = 5*v - 53. What is the highest common factor of z and 121?
11
Suppose -21500 = 272*h - 276*h. What is the highest common factor of h and 43?
43
Let j be (-336)/(-10) - ((-184)/(-40) + -5). Suppose -11*p = -j - 76. Suppose k = -0*k + 2, 5*c - 5*k = 0. What is the highest common divisor of p and c?
2
Suppose -7*k + 10*k = s - 4, -3*k + 29 = -4*s. Let g be 85 + s/(44/16). Calculate the greatest common divisor of g and 135.
27
Let u = -5255 - -5595. Calculate the highest common factor of 2125 and u.
85
Suppose -17784 = -20*l - 2524. What is the greatest common divisor of l and 7?
7
Let v be 1/(((-1)/1)/(-12 - 1)). Let x(g) = -g**2 - 16*g - 17. Let c be x(-15). Let w be c/10 + 588/15. Calculate the greatest common divisor of v and w.
13
Let n(g) = g**3 + 25*g**2 + 33*g - 286. Let u be n(-23). Calculate the highest common factor of 1664 and u.
13
Suppose 427 = 14*s - 847. Let p be (4/26)/(7/s). Calculate the greatest common factor of 14 and p.
2
Let v(d) = 75*d + 79*d + d**2 + 9 - 231*d + 74*d. Let j be v(0). What is the greatest common factor of j and 81?
9
Let w be (4 - 7) + 111 - -2. Let k(g) = -4*g - 18. Let a be k(-7). What is the highest common divisor of w and a?
10
Let g(a) = -a**3 - 3*a**2 + a - 7. Let n be g(-4). Suppose d + w - 5 = -7, 34 = 3*d - n*w. Calculate the highest common factor of d and 51.
3
Let r be -13*24/3*(-15)/(-10). Let t be -6 + r/5*-5. Let n be 1 + 1 + (-2 - -25). Calculate the greatest common divisor of t and n.
25
Suppose 0 = -3*r + 9. Let h be 13 + (-4)/(-6)*r. Let z = 3 + h. What is the highest common divisor of 2 and z?
2
Suppose 1403*p - 1418*p + 195 = 0. Suppose 2*b - 4*b = -78. What is the highest common factor of p and b?
13
Let g(a) = 26*a + 7 + 24*a + 141 - 47*a. Let w be g(-28). Calculate the greatest common factor of 2 and w.
2
Let j be (8/14)/(18/63). Suppose j*w + 3*l - 587 = 0, -3*w - l + 3*l + 874 = 0. What is the highest common factor of 73 and w?
73
Let x(f) = -3*f**3 + 2*f**2 - 20*f + 20. Let a be x(0). What is the highest common divisor of a and 1730?
10
Let s = -8682 + 16548. Calculate the highest common factor of 18 and s.
18
Suppose -1363 = -89*n + 7111 + 9326. Calculate the greatest common factor of n and 1325.
25
Let u be ((-18)/(-3))/(9*3/756). What is the greatest common factor of 26124 and u?
84
Let x(s) = s**3 + 3*s**2 - 3*s + 2. Let c be x(-4). Let l be (3/c)/(3/(-40)). Let y = 2163 + -2023. Calculate the greatest common factor of l and y.
20
Let v be 12 + -6 - (-1 - -9 - 15). Calculate the greatest common factor of v and 28431.
13
Let o = 59 - 22. Suppose -226*x + 227*x - 333 = 0. Calculate the highest common divisor of x and o.
37
Let u be -1*3/3 + 201. Suppose -16*w + 53 + 57 + 18 = 0. Calculate the greatest common divisor of u and w.
8
Suppose -3820*z + 805 = -3815*z. What is the highest common factor of z and 7889?
161
Suppose -106*c - 37*c = -44044. Calculate the highest common divisor of 176 and c.
44
Let f(r) = -2*r + 7. Let o be f(-9). Let i(g) = g**3 - 7*g**2 - 16*g + 4. Let x be i(10). Let k = x - -81. What is the greatest common divisor of k and o?
25
Let i = -204 - -1114. Suppose 274 + i = 4*h. Calculate the greatest common divisor of 8 and h.
8
Let z be ((-2)/2)/(-3*(-2)/(-162)). Suppose 2369 + 1141 = z*k. Calculate the greatest common divisor of k and 20.
10
Suppose d - 14 = -t + 123, -t = 3*d - 413. Calculate the greatest common divisor of 8 and d.
2
Suppose -4*q = -9*q - 55. Let v = 8 + q. Let a be 2/(-3) - 68/v. Calculate the highest common factor of a and 99.
11
Let q(h) = h**2 - h - 23. Let x be q(6). Let l be (3/3 - (-7)/x) + 22. Calculate the greatest common factor of 648 and l.
24
Suppose 0 = -23*p - 22*p - 4365. Let n = 83 - p. Calculate the highest common factor of 45 and n.
45
Let d = 72 - -99. Suppose 4*g - 75*r - 91 = -78*r, 2*g - 28 = 2*r. Calculate the highest common divisor of d and g.
19
Let i(y) = -y + 62. Suppose -2*k + 27 = -3*f + 87, 0 = -3*k + 9. Let o be i(f). What is the highest common factor of o and 15?
5
Suppose 23*r - 195 - 58 = 0. Calculate the greatest common factor of r and 8173.
11
Let b = -26 + 988. Let m = -645 - -1184. Let h = b - m. What is the greatest common divisor of h and 47?
47
Let o be (72/(-60))/((-1)/(-5))*-1. Suppose o = -3*h + 4*h. Let r(v) = 4*v - 18. Let l be r(h). What is the greatest common factor of l and 4?
2
Let m = 6 + 2. Suppose -m*z = 17*z - 750. Calculate the greatest common divisor of z and 40.
10
Let w(u) = u**2 + 10*u - 792. Let l be w(29). What is the greatest common divisor of l and 904?
113
Let g(f) = -f**2 + 15*f + 8. Let a be g(11). Suppose 3*u + u - a = 0. Calculate the highest common divisor of 104 and u.
13
Suppose 2*d - 2538 = -0*d + 2*p, -2*d - 4*p + 2550 = 0. Suppose d = 17*f - 633. What is the greatest common divisor of f and 84?
28
Let p be (-78)/(-36)*3*(-510)/(-5). What is the highest common factor of p and 156?
39
Let m = 11793 + -9857. What is the highest common factor of m and 33?
11
Let q = -18 + 30. Let z(h) = 5*h - 2. Let g be (-20)/(-11) - (-10)/55. Let v be z(g). Calculate the highest common factor of v and q.
4
Suppose 31*g - 19*g - 384 = 0. Suppose g*f - 1640 - 24 = 0. What is the greatest common divisor of f and 416?
52
Let x = 332 + -330. Suppose 156 = 4*i + 4*c, 3*i - x*c = -3*c + 107. Calculate the greatest common divisor of 187 and i.
17
Let v = -6217 - -6229. Calculate the highest common divisor of 186 and v.
6
Suppose -140 = -2*p - 2*p. Suppose -8*o - 323 = -p. Let j be (8/o*6)/((-1)/42). Calculate the highest common factor of j and 14.
14
Suppose 0 = -2*u, -4*i - 35*u + 32*u + 26 = -14. What is the highest common factor of 3270 and i?
10
Let i(m) = m + 328. Let p be i(0). Suppose -10*v + 375 + 35 = 0. What is the highest common divisor of v and p?
41
Suppose f = 2*f - 22. Let h(w) = 9*w - 54. Let q be h(f). What is the highest common factor of q and 16?
16
Let u(k) = -k**2 + k + 22. Let i be u(0). Let q = 287 + -285. Suppose 7*h - 100 = 3*h + 3*b, -q*h - b = -40. Calculate the highest common factor of i and h.
22
Let h = -1016 + 1023. Suppose -36*y - 168 = -39*y. What is the greatest common factor of h and y?
7
Suppose -3*r = -4*h - 119, -4*r = -39*h + 40*h - 127. What is the greatest common factor of r and 55?
11
Let t = -523 + 344. Let f = t + 200. What is the greatest common factor of f and 9?
3
Let d be (-4)/22*1 - 1104/(-22). Let h = d + -50. Suppose h*f + 54 = 2*f. What is the highest common divisor of f and 189?
27
Let y = 62 - 2. Let z(c) = -3*c**3 + 65*c**2 - 121*c + 71. Let g be z(19). Calculate the greatest common divisor of y and g.
60
Let j = -153 - -173. Suppose -18*a = -j*a + 11